?
4
What is the hundred thousands digit of 427495843?
4
What is the units digit of 233060578?
8
What is the ten millions digit of 402546133?
0
What is the units digit of 18214079?
9
What is the ten thousands digit of 149892422?
9
What is the ten millions digit of 54565422?
5
What is the millions digit of 58091897?
8
What is the units digit of 1088731053?
3
What is the hundred thousands digit of 759075229?
0
What is the millions digit of 34683373?
4
What is the thousands digit of 58726677?
6
What is the billions digit of 2736025775?
2
What is the hundreds digit of 29795140?
1
What is the ten thousands digit of 49121265?
2
What is the hundreds digit of 735822420?
4
What is the thousands digit of 115642073?
2
What is the millions digit of 387887847?
7
What is the ten thousands digit of 322250873?
5
What is the thousands digit of 54763658?
3
What is the ten millions digit of 16749444?
1
What is the ten thousands digit of 377582885?
8
What is the hundred thousands digit of 33928645?
9
What is the hundreds digit of 9691717125?
1
What is the thousands digit of 583354729?
4
What is the hundreds digit of 2894135426?
4
What is the ten thousands digit of 34902534?
0
What is the units digit of 3930543082?
2
What is the millions digit of 1584374047?
4
What is the hundreds digit of 38088166?
1
What is the tens digit of 472073921?
2
What is the ten thousands digit of 696498952?
9
What is the hundred millions digit of 526418580?
5
What is the tens digit of 306479410?
1
What is the hundred thousands digit of 525308428?
3
What is the hundred thousands digit of 59970038?
9
What is the ten thousands digit of 132779897?
7
What is the thousands digit of 43414469?
4
What is the ten millions digit of 104608067?
0
What is the hundred millions digit of 3916086583?
9
What is the thousands digit of 17626879?
6
What is the units digit of 1419374520?
0
What is the millions digit of 260306449?
0
What is the millions digit of 2964641879?
4
What is the ten thousands digit of 121799943?
9
What is the units digit of 5851422064?
4
What is the ten thousands digit of 86293962?
9
What is the millions digit of 183729654?
3
What is the ten millions digit of 67880270?
6
What is the units digit of 2956954?
4
What is the tens digit of 1096438043?
4
What is the tens digit of 74847329?
2
What is the hundred thousands digit of 29321352?
3
What is the units digit of 5537288212?
2
What is the millions digit of 1565227762?
5
What is the hundreds digit of 72156190?
1
What is the ten thousands digit of 26047676?
4
What is the units digit of 28717386?
6
What is the ten thousands digit of 49955765?
5
What is the hundreds digit of 378757985?
9
What is the millions digit of 95421935?
5
What is the ten millions digit of 206433187?
0
What is the hundred thousands digit of 3455229085?
2
What is the tens digit of 4083347934?
3
What is the hundreds digit of 252221440?
4
What is the millions digit of 24841900?
4
What is the millions digit of 23690437?
3
What is the thousands digit of 913395523?
5
What is the tens digit of 7065780710?
1
What is the units digit of 655362300?
0
What is the ten millions digit of 364640954?
6
What is the ten thousands digit of 1187335311?
3
What is the tens digit of 269395691?
9
What is the ten thousands digit of 228577574?
7
What is the ten thousands digit of 409367536?
6
What is the ten thousands digit of 324055139?
5
What is the millions digit of 2175362314?
5
What is the hundred millions digit of 6233303292?
2
What is the hundreds digit of 2617812209?
2
What is the hundred millions digit of 1462398045?
4
What is the units digit of 60772882?
2
What is the units digit of 1028621576?
6
What is the hundreds digit of 164647826?
8
What is the thousands digit of 46859165?
9
What is the hundred thousands digit of 350553701?
5
What is the thousands digit of 137543616?
3
What is the hundred thousands digit of 884557689?
5
What is the tens digit of 621993017?
1
What is the hundred millions digit of 930984237?
9
What is the tens digit of 374696276?
7
What is the thousands digit of 703934922?
4
What is the billions digit of 3318442695?
3
What is the billions digit of 1149735636?
1
What is the billions digit of 1579570879?
1
What is the ten thousands digit of 182461306?
6
What is the millions digit of 317677584?
7
What is the tens digit of 1617003717?
1
What is the thousands digit of 676607086?
7
What is the thousands digit of 1271658?
1
What is the millions digit of 15168176?
5
What is the hundred thousands digit of 484431922?
4
What is the thousands digit of 7582711493?
1
What is the billions digit of 3247095161?
3
What is the tens digit of 59855213?
1
What is the units digit of 92311026?
6
What is the billions digit of 1447887662?
1
What is the hundreds digit of 197760555?
5
What is the ten thousands digit of 871215845?
1
What is the ten millions digit of 563296651?
6
What is the hundred thousands digit of 171527033?
5
What is the tens digit of 3052443397?
9
What is the hundred millions digit of 343344007?
3
What is the ten millions digit of 46121604?
4
What is the ten thousands digit of 5862551295?
5
What is the thousands digit of 338626213?
6
What is the hundred thousands digit of 1603592934?
5
What is the ten millions digit of 40041058?
4
What is the thousands digit of 2912729053?
9
What is the hundred thousands digit of 217861540?
8
What is the hundred thousands digit of 12837665?
8
What is the thousands digit of 147729985?
9
What is the tens digit of 37904122?
2
What is the hundred millions digit of 853811558?
8
What is the thousands digit of 43021398?
1
What is the hundred thousands digit of 4507595030?
5
What is the tens digit of 205498839?
3
What is the hundred thousands digit of 140540559?
5
What is the ten thousands digit of 9001205226?
0
What is the tens digit of 120761069?
6
What is the thousands digit of 124964327?
4
What is the thousands digit of 28655313?
5
What is the units digit of 4904406?
6
What is the millions digit of 3533057953?
3
What is the hundred thousands digit of 936858740?
8
What is the ten millions digit of 29582063?
2
What is the hundred thousands digit of 954656212?
6
What is the hundred millions digit of 158200038?
1
What is the hundred millions digit of 1065468037?
0
What is the hundred millions digit of 1418967338?
4
What is the ten millions digit of 692468744?
9
What is the millions digit of 5729475141?
9
What is the units digit of 18979488?
8
What is the hundred millions digit of 2941259127?
9
What is the tens digit of 613488296?
9
What is the millions digit of 26620558?
6
What is the hundreds digit of 5008171924?
9
What is the units digit of 96177674?
4
What is the ten millions digit of 641856582?
4
What is the ten millions digit of 1196510736?
9
What is the ten millions digit of 118540850?
1
What is the hundred thousands digit of 224154743?
1
What is the ten millions digit of 37303117?
3
What is the ten thousands digit of 305094900?
9
What is the ten thousands digit of 5639052311?
5
What is the tens digit of 1856881115?
1
What is the thousands digit of 874175709?
5
What is the ten thousands digit of 1695017665?
1
What is the ten millions digit of 760103953?
6
What is the tens digit of 39192149?
4
What is the millions digit of 46681427?
6
What is the tens digit of 7335481734?
3
What is the ten thousands digit of 4389582431?
8
What is the millions digit of 1180651352?
0
What is the thousands digit of 115266288?
6
What is the hundred thousands digit of 86583707?
5
What is the millions digit of 1917543390?
7
What is the millions digit of 605156345?
5
What is the thousands digit of 52206031?
6
What is the ten millions digit of 1549170138?
4
What is the billions digit of 1075175971?
1
What is the millions digit of 430309290?
0
What is the hundred thousands digit of 163613162?
6
What is the thousands digit of 84774785?
4
What is the units digit of 25865773?
3
What is the ten thousands digit of 2579848151?
4
What is the hundred thousands digit of 618849880?
8
What is the hundreds digit of 360132869?
8
What is the ten thousands digit of 1353083330?
8
What is the hundred thousands digit of 9349738?
3
What is the units digit of 2797408?
8
What is the millions digit of 14787718?
4
What is the tens digit of 76954546?
4
What is the tens digit of 5627276